q + 1. Calculate the remainder when (9/(-12))/(-3) - (-67)/4 is divided by a(-6).
7
Suppose -10*b - 41 = -931. Calculate the remainder when b is divided by 45.
44
Let d be ((-1)/(1/(6/2)))/(-1). Suppose -3*u + 5*j + 55 = 0, 5*u + d*j = 9 + 26. What is the remainder when 87 is divided by u?
7
Let r(z) = -z**3 + 24*z**2 - 21*z - 26. Let v be r(23). Suppose 0 = b + 5 - 0, -l + v = -2*b. Calculate the remainder when 26 is divided by l.
6
Let j(i) = 2*i**2 - 16*i + 31. Let w be (7/5)/(3 + (-56)/20). Suppose -3*s - 3*t = -0*s - 30, 20 = -s + 5*t. Calculate the remainder when j(w) is divided by s.
2
Let r = 288 + -258. Calculate the remainder when r is divided by 18.
12
Let p = 7 + -2. Let m = 31 + -18. Suppose -g = -0*g - m. What is the remainder when g is divided by p?
3
Suppose -3*n + 68 = 17. Suppose -3*r + r = -12. Suppose -r*f + 49 = -5*f. Calculate the remainder when f is divided by n.
15
What is the remainder when 8 is divided by -2*1/((-20)/(-15) - 2)?
2
Let k = 44 + -25. Let j = k - 17. Suppose -2*q - j = -28. Calculate the remainder when q is divided by 4.
1
Let d(f) = 2*f + 10. Let o be d(-4). Suppose 5 + 5 = -5*v, o*v + 12 = 2*x. What is the remainder when 13 is divided by (6/x)/(9/48)?
5
Suppose 0 = 10*r - 2*r - 88. Let n(m) = -m**3 + 11*m**2 + 7*m + 8. Suppose -4*d = -27 - 89. Calculate the remainder when n(r) is divided by d.
27
Suppose -8*k - 6 + 54 = 0. Calculate the remainder when k is divided by (-84)/(-15) + 2/5.
0
Let o(n) = n**3 - 11*n**2 - 18*n + 324. Calculate the remainder when 207 is divided by o(10).
31
Let i(c) = 2*c - 7. What is the remainder when (-2 + (-81)/(-6))*2 is divided by i(6)?
3
Let r = 700 - 680. What is the remainder when r is divided by (-168)/(-15) + 2/(-10)?
9
Let a be 5 + 0/2 - 2. Calculate the remainder when (-8)/(-3) - a*12/(-27) is divided by 2.
0
Suppose 0*p - 6*p = 150. Let j = 89 + p. What is the remainder when j is divided by 11?
9
Let n(q) = 24*q - 50. Calculate the remainder when n(4) is divided by 16.
14
Let p(i) = -i**2 - 3*i + 14. Let t be p(-11). Let u = t + 194. Suppose 2*v + 2*v = u. Calculate the remainder when 87 is divided by v.
27
Let n = -267 + 308. Calculate the remainder when 612 is divided by n.
38
Suppose -10*w + 7*w + 54 = 0. What is the remainder when (2/4)/(w/1440) is divided by 11?
7
Let f(q) = q**2 - 5*q + 5. Let k be f(4). Let d be 0/(k/4*4). Suppose -2*l + 4 = 0, -2*l - 80 = -4*u - d*l. What is the remainder when u is divided by 11?
10
Let z(u) = -14*u - 13. Let i(t) = -5*t - 4. Let d(p) = 17*i(p) - 6*z(p). What is the remainder when d(-9) is divided by 6?
1
Let a = 2930 - 2821. Calculate the remainder when a is divided by 19.
14
Suppose 5*j + 25 = 0, 2*j = 3*r - 3*j - 91. Suppose 0 = 2*a - 1 - 23. Calculate the remainder when r is divided by a.
10
Suppose -12*y + 358 = 94. Calculate the remainder when 636 is divided by y.
20
Suppose 7*b - 1848 = b. Let l = b + -207. Let m = l + -62. What is the remainder when m is divided by 14?
11
Let q(c) be the second derivative of 0 + 1/2*c**2 - 2*c + 11/4*c**4 + 1/3*c**3. Calculate the remainder when q(-1) is divided by 11.
10
Suppose -311 - 525 = -19*m. Calculate the remainder when m is divided by 164/14 - (-2)/7.
8
Calculate the remainder when 405 is divided by ((4 - -47) + 9)*1.
45
Suppose -2*k = -21 - 3. Calculate the remainder when ((-1)/(-2))/(2/236) is divided by k.
11
Suppose u = 4*u - 9. Let z(c) = -c + 3*c + 2*c + 5*c**2 - u*c**2 - 1. What is the remainder when z(-5) is divided by 10?
9
Let i = 17 + -3. Calculate the remainder when (-1 - (-16)/10)*1170/13 is divided by i.
12
Suppose 5*s + 2 = -h - 5, 0 = -5*s + 2*h - 16. Let j(v) = -v**3 - 7*v**2 - 6*v - 2. Let y be j(s). What is the remainder when 28 is divided by 3*3/(-6)*y?
13
Suppose k = -4*b + 101 + 114, 111 = 2*b - 3*k. What is the remainder when 160 is divided by b?
52
Suppose 2*d - 84 = -2*d. Let t be (-2)/(-8)*(18 - -2). Suppose -o + 32 = -s - 8, -87 = -2*o - t*s. Calculate the remainder when o is divided by d.
20
Let j be (-104)/(-28) - (-2)/7. Suppose -81 = -j*o + a, -4*a + 36 = 2*o - 0*o. Let m(g) = -g**2 + 7*g - 4. Calculate the remainder when o is divided by m(4).
4
Suppose -3*j - 3*j = -12. Suppose -5*h - 2*o - 22 = 2*o, 5*o = 3*h + 28. Calculate the remainder when -14*(3/h + 0) is divided by j.
1
Let i = 63 + -62. What is the remainder when 34 + (-4)/2 - i*-2 is divided by 12?
10
Let k = -7 - -13. Let x be (-1)/2*(-20 + -2). Suppose -x = 5*d + 14, 127 = 4*l - 3*d. What is the remainder when l is divided by k?
4
Let d(q) be the first derivative of 7*q**2/2 - 3*q + 6. Calculate the remainder when d(6) is divided by (-4)/6*(-3 + -14 + 2).
9
Suppose 5*h + 2*n = 6*n + 415, -4*h + 5*n = -332. Calculate the remainder when h is divided by 7.
6
Calculate the remainder when 138 is divided by (1 - (9/(-3) - 33)) + -2.
33
Let i be 1014/18 + -2 + 15/9. Suppose 8*u - i = 7*u. What is the remainder when u is divided by 15?
11
Let i(k) = 2*k**2 - 15*k - 4. Let o be i(13). Suppose -6*a + 595 = o. What is the remainder when 72 is divided by 18/(-90) + a/5?
12
Calculate the remainder when 33 is divided by (-1)/(-5 - (-264)/54).
6
Calculate the remainder when 735 is divided by (-2)/(-4)*-27*1808/(-1356).
15
Suppose s + 69 = 351. What is the remainder when s is divided by 55?
7
Suppose 2*u - 4 = 3*t + 5, 0 = 5*u - 5*t - 10. Let x be -1 - (0 + -2 + u). Suppose -x*n + 4 = -52. Calculate the remainder when n is divided by 8.
6
Suppose -2*v = 3*v - p - 148, -2*p - 56 = -2*v. What is the remainder when 24/84 - 2/((-14)/831) is divided by v?
29
Suppose -w - 2 + 4 = 0, -5*z + 3*w + 1584 = 0. Calculate the remainder when z is divided by 20.
18
Suppose -513 = -4*g - 3*b, -4*g + 315 = 5*b - 196. Let q = 194 - g. What is the remainder when q is divided by 11?
10
Suppose 0 = -5*v - i + 586 + 612, v - 244 = 2*i. What is the remainder when v is divided by 27?
24
Let x(h) = 40*h**2 + 2*h - 2. Calculate the remainder when x(1) is divided by 14.
12
Let z(q) = q**2 - 11*q - 15. What is the remainder when z(21) is divided by 14?
13
Let w = 6 + -12. Calculate the remainder when (-645)/(-20) - (w/8 + 0) is divided by 12.
9
Suppose -3*w - 7 = 4*x, 0*w + 19 = -x + 5*w. Let u = x - -21. Calculate the remainder when 116 is divided by u.
14
Suppose -l - 3*l = 24. Let w = l - -29. What is the remainder when 44 is divided by w?
21
Suppose -2*y + 50 = -3*n, -3*y + 4*n = -34 - 39. Let b = 31 - y. Suppose -k - 2 = -b. Calculate the remainder when 39 is divided by k.
9
Suppose 5*z + 6*z = 803. What is the remainder when 729 is divided by z?
72
Suppose 16*a + 3*f - 22 = 15*a, 190 = 5*a - f. Suppose 0 = -3*p + 64 - 4. Calculate the remainder when a is divided by p.
17
Let w(g) be the second derivative of -g**5/20 - g**4/6 + g**3 - g**2 + 25*g. Calculate the remainder when 28 is divided by w(-4).
4
Suppose 0 = -40*y + 943 + 377. Calculate the remainder when 483 is divided by y.
21
Suppose -10*x - 3 = -s - 15*x, -4*x = 16. Suppose 0 = 3*l + 3 - 15. What is the remainder when s is divided by l?
3
Suppose -2*g + 70 = -0*g. What is the remainder when g is divided by (54/(-30))/((-78)/520)?
11
What is the remainder when 36/(-24)*(-7566)/9 + -3 is divided by 18?
16
Let k = 38 + -25. What is the remainder when 274/8 + 39/52 is divided by k?
9
Suppose o = -o + 30. Suppose -3*l + 125 = 4*v, 3*v + 0*v = 5*l + 101. Calculate the remainder when v is divided by o.
2
Suppose -35*i = -30*i - 350. Let m = 50 + 0. Let j = i - m. What is the remainder when 58 is divided by j?
18
Let t be -5 + 5 - -2*1. Let b(r) be the third derivative of r**5/20 + r**4/12 + r**3/6 + 3*r**2. Calculate the remainder when b(t) is divided by 9.
8
Calculate the remainder when (-3)/((14/945)/(-2)) is divided by 17.
14
Let p = -434 + 582. Calculate the remainder when p is divided by 38.
34
Let k = 15 + -16. Calculate the remainder when k/((-3)/(-2 + 77)) is divided by 6.
1
Suppose 9*f = -29*f + 76. Calculate the remainder when (-112)/(-18) - (-4)/(-18) is divided by f.
0
Let a(g) = g**3 + g**2 - 9*g + 11. Suppose 105 = 2*s + 3*z - 2*z, -3*s - 5*z = -147. What is the remainder when s is divided by a(-3)?
14
Suppose 28 + 7 = c. Let h be (6 + -2)/(2*1). Suppose 48 = -h*u + 6*u. What is the remainder when c is divided by u?
11
Suppose 0 = 4*z + 3*k - 29, 